9. Calculate the remainder when w is divided by 1 + (-12)/10 + 164/20.
5
Let o(v) = 8*v**2 - 1. What is the remainder when 25 is divided by o(1)?
4
Let c = -50 + 70. Let h(x) = x**3 + 8*x**2 + 6*x + 3. Let l(q) = -q**3 - 5*q**2 - 5*q - 3. Let j be l(-3). Calculate the remainder when h(j) is divided by c.
19
Let l = -94 - -191. What is the remainder when l is divided by 25?
22
What is the remainder when 38 + (-1)/2*(0 - 0) is divided by 7?
3
Let c(o) = 15*o**3 + 2*o**2 - o. Let m be 1464/27 - (-2)/(-9). Let x = 85 - m. What is the remainder when x is divided by c(1)?
15
Let r(w) = w**2 - w + 90. Let j be r(0). Let x be 214/4 + 4/(-8). Let v = j - x. Calculate the remainder when v is divided by 13.
11
Let c(h) = h**3 - 4*h**2 + 4*h - 1. Let t be c(3). Suppose z - 2 = t. What is the remainder when 14 is divided by z?
2
Let g = 127 - 43. Calculate the remainder when g is divided by 17.
16
Suppose -6*n + 462 = -0*n. Calculate the remainder when n is divided by 20.
17
Suppose -2 = y - 8. Suppose 4*z = -y + 2. What is the remainder when 4 is divided by 3/z*(-4)/6?
0
Suppose 2*g - 3 - 15 = 0. Let i(o) = o - 1. Let f be i(g). Suppose 2*k + 0*k - f = 0. Calculate the remainder when k is divided by 3.
1
Let w be 2/5 - (-129)/15. Suppose -n = -w - 13. Calculate the remainder when n is divided by 8.
6
Suppose -2*g = i - 66, -i + 100 = 5*g - 2*g. Calculate the remainder when g is divided by 12.
10
Let w be (-2)/(-12) + (-82)/(-12). Let p = w - 5. Let s(g) = -g + 5. What is the remainder when s(0) is divided by p?
1
Suppose -2*g - 8 - 12 = -2*n, -4*n + 35 = -5*g. Calculate the remainder when 42 is divided by n.
12
Let b be (-12)/42 + (-114)/(-7). Suppose -b = t - 39. Let v = t + -16. Calculate the remainder when 25 is divided by v.
4
Suppose 2*u + 33 = 135. Calculate the remainder when u is divided by 13.
12
Let u(v) = -6*v + 4. What is the remainder when 28 is divided by u(-2)?
12
Suppose 0 = -v - 0*v + 17. Let n(k) = -k**2 - 14*k + 8. What is the remainder when n(-10) is divided by v?
14
Let r(l) be the second derivative of 11*l**3/6 + 2*l. What is the remainder when r(2) is divided by 6?
4
Let s be 1/8*6*-4. Let n = s - -7. Suppose 44 = -0*c + n*c. What is the remainder when c is divided by 4?
3
What is the remainder when 2/(-8) - (-100)/16 is divided by 1 - (-6 + 1 - -2)?
2
Suppose 3*v + 13 = 4*v. Calculate the remainder when v is divided by 4.
1
Suppose 0 = 6*c - c. Suppose -2*l + 15 - 3 = c. Suppose -3 = -w + l. Calculate the remainder when 25 is divided by w.
7
Suppose -2 = -4*s + 3*s. Calculate the remainder when 22 is divided by s*-1*(-2 + -1).
4
Calculate the remainder when (-55)/(-2) - (-2)/(-4) is divided by 28/(-3)*(-12)/8.
13
Let o = -9 + 15. Let z(x) = -x**2 + 12*x + 11. Let v(l) = -2*l**2 + 25*l + 23. Let t(y) = -4*v(y) + 9*z(y). What is the remainder when t(o) is divided by 10?
9
Let y(l) = 5*l - 5. Calculate the remainder when y(7) is divided by 11.
8
Suppose v + 9 = -0. Let s(t) = t**3 + 9*t**2 - 4*t - 3. What is the remainder when s(v) is divided by ((-68)/2)/(2 - 4)?
16
Let v = 7 + -2. Suppose -v*g = -13 - 12. Suppose g*x = x + 92. What is the remainder when x is divided by 12?
11
Let f(l) = -l**3 + 7*l**2 + 8*l + 12. Let n be f(9). Let g = n + 150. Calculate the remainder when g is divided by 25.
22
Suppose -10*b + 120 = -190. What is the remainder when 88 is divided by b?
26
Let l = -26 - -6. Calculate the remainder when (1 + 4)*(-56)/l is divided by 8.
6
Let l(h) = -5*h - 13. Let c(j) = -j - 3. Let z(o) = 9*c(o) - 2*l(o). Calculate the remainder when z(7) is divided by 2.
0
Let a be 4/(-4)*(0 + -2). Suppose 95 = -a*x + 7*x. What is the remainder when 56 is divided by x?
18
Suppose 7*i = 418 + 44. Let m(a) = -a + 10. Calculate the remainder when i is divided by m(-7).
15
Suppose -5*s = -5*v - 55, -2*v - 59 = -4*s - 5. What is the remainder when 61 is divided by s?
13
Let d be ((-2)/(-8))/((-3)/12). Calculate the remainder when 35 is divided by 23/2 + d/(-2).
11
Let i = 12 + -1. Let j = -94 - -159. Calculate the remainder when j is divided by i.
10
Let g = 76 - 42. What is the remainder when g is divided by 18?
16
Let h = -11 - -12. Suppose z = x - 3 + h, -x = z - 10. What is the remainder when 17 is divided by x?
5
Let m = -5 + 8. Suppose -44 = -m*d - 2. What is the remainder when d is divided by (-27)/(-5) + (-4)/10?
4
Let r(c) = c**2 - 8*c + 7. What is the remainder when r(8) is divided by 5?
2
Suppose 0*c + 12 = 3*c. Calculate the remainder when 15 is divided by ((1 - c) + 0)*-3.
6
Suppose -2*n + 7*a - 3*a = -30, 0 = n + a. Calculate the remainder when 14 is divided by n.
4
Let t = 6 - 3. Calculate the remainder when (2/4)/(2/44) is divided by t.
2
Let y = 6 - 2. What is the remainder when 11 is divided by y?
3
Calculate the remainder when (2/3)/(7/(1029/2)) is divided by 18.
13
Suppose 4*t - 2*t = 10. Suppose t*l - 67 = 28. What is the remainder when l - (2*-1 - -4) is divided by 9?
8
Let b(g) = g + 7. Let s = -15 + 84. Calculate the remainder when s is divided by b(11).
15
Suppose 328 = -3*o + 11*o. What is the remainder when 81 is divided by o?
40
Let f = 16 + 8. Let k be (f - 3/3)*-1. Let h = k - -32. Calculate the remainder when 25 is divided by h.
7
Let h(m) = m. Let r be h(-1). Let d(k) = 6*k**2 - k - 1. Suppose -2*q - 24 = -4*q - 2*w, w + 4 = 0. What is the remainder when q is divided by d(r)?
4
Suppose 5*z - 4 = -3*o, -4 = 2*o - 5*z - 15. What is the remainder when o is divided by 2?
1
Let i = -55 + 99. What is the remainder when i is divided by 16?
12
Let h(k) = -2*k**3 + k**2. Calculate the remainder when 7 is divided by h(-1).
1
Let v(f) = -2*f**3 - 34*f**2 - f - 10. What is the remainder when v(-17) is divided by 2?
1
Suppose 4*g - 6*g - 8 = -s, 0 = -s - 2*g - 12. What is the remainder when 17 is divided by ((-3)/(-3))/(s/(-10))?
2
Let d be 2 + 13 + -1*3. What is the remainder when 42 is divided by d*9*(-4)/(-48)?
6
Suppose -3*k = 4*t - 192, 4*k = t - 0*t - 67. Suppose 2*c + 3*q = 2*q + t, 0 = q - 5. Let d = -10 + c. What is the remainder when 36 is divided by d?
10
Let v(i) = -i**3 - 12*i**2 + i + 29. Calculate the remainder when 168 is divided by v(-12).
15
What is the remainder when (58/6)/((-2)/(-6)) is divided by (-2)/3 + 150/9?
13
Let i = 37 + -27. What is the remainder when 26 is divided by i?
6
Suppose 2*d + 12 = 6*d. Let b be (d + -1)*1/1. Suppose -13 - 25 = -b*t. Calculate the remainder when 37 is divided by t.
18
Let m be -2*(3/6 + -2). Let i(h) = -h**3 + 7*h**2 - h + 4. What is the remainder when i(m) is divided by 10?
7
Let x(r) = 11*r. Let p(m) = -m - 3. Let o be p(-4). Let c(v) = -6*v + 1. Calculate the remainder when c(-5) is divided by x(o).
9
Suppose -3*w + 10 = -2*w. Calculate the remainder when 39 is divided by w.
9
Let m = 25 + 37. What is the remainder when m is divided by 34?
28
Let u be 3/(-12) - (-9)/4. What is the remainder when -1 + u + -2 + 71 is divided by 24?
22
What is the remainder when 68/20 - 4/10 is divided by (-1)/(-2)*(-2 - -4)?
0
Suppose 2*c - 40 = -q, 6*q - 168 = q - 2*c. Suppose 0 = 3*v + 3*g - 15, 2*v + g - 7 = 6. Suppose -q = -5*d + v. Calculate the remainder when 15 is divided by d.
7
Let f = -23 + 40. Suppose 0 = -4*x - 3*z - 7, -2*x - 5*z - f = 2*x. Calculate the remainder when x is divided by 1.
0
Suppose 3*z - 6*z = -81. Let j be 88/2 + (0 - 2). Suppose j = -2*d + 5*d. What is the remainder when z is divided by d?
13
Let v be (174/8)/((-2)/16). Calculate the remainder when v/(-8) - (-2)/8 is divided by 12.
10
Let o = 131 + -53. Suppose 0 = -4*j - 24 + 104. What is the remainder when o is divided by j?
18
Let u = 1 + 2. Let l = 0 + 3. Suppose 2*t - 3*r = 17, 0 = 3*t + t - l*r - 25. What is the remainder when t is divided by u?
1
Let l be (-1)/(-3)*(-12 + 669). Let n = l + -130. Calculate the remainder when n is divided by 23.
20
Let f = 2 + 13. Let y(b) = b**2 - 14*b + 17. What is the remainder when y(f) is divided by 11?
10
Suppose -3*b = -2*b - 5. Let u = -10 + 17. Suppose h = 4*w + 19, 2*h - 2*w + 7 = u*h. Calculate the remainder when b is divided by h.
2
Let n(p) = p**2 + 5*p + 4. Let r be n(-5). Suppose -5*h = 4*m - 31 - 19, r*h - 2*m - 14 = 0. Calculate the remainder when 15 is divided by h.
3
Let k be (-8 + (-2)/(-1))*-1. Suppose k*s - s - 55 = 0. What is the rem